{"id":229,"date":"2020-03-25T18:42:52","date_gmt":"2020-03-25T17:42:52","guid":{"rendered":"https:\/\/jerome-barreau-sculpteur.com\/?page_id=229"},"modified":"2025-07-21T15:01:19","modified_gmt":"2025-07-21T13:01:19","slug":"prendre-des-cours-de-sculpture-bassin-d-arcachon","status":"publish","type":"page","link":"https:\/\/jerome-barreau-sculpteur.com\/","title":{"rendered":"Mes prestations"},"content":{"rendered":"\n<p>Avez-vous d\u00e9j\u00e0 r\u00eav\u00e9 de vous initier au modelage, d\u2019offrir un atelier \u00e0 un \u00eatre cher, de suivre un stage pour apprendre l\u2019art du portrait en sculpture, de commander une \u0153uvre personnalis\u00e9e, ou encore de redonner vie \u00e0 une pi\u00e8ce pr\u00e9cieuse \u00e0 vos yeux &nbsp;?<\/p>\n\n\n\n<p>Prenez contact avec J\u00e9r\u00f4me via le formulaire que vous trouverez en bas de page pour plus de renseignements ou en cliquant sur ce <a href=\"https:\/\/jerome-barreau-sculpteur.com\/index.php\/formulaire-de-contact\/\" target=\"_blank\" rel=\"noopener\">ici<\/a><\/p>\n\n\n\n<p><\/p>\n","protected":false},"excerpt":{"rendered":"<p>Avez-vous d\u00e9j\u00e0 r\u00eav\u00e9 de vous initier au modelage, d\u2019offrir un atelier \u00e0 un \u00eatre cher, de suivre un stage pour apprendre l\u2019art du portrait en sculpture, de commander une \u0153uvre personnalis\u00e9e, ou encore de redonner vie \u00e0 une pi\u00e8ce pr\u00e9cieuse \u00e0 vos yeux &nbsp;? Prenez contact avec J\u00e9r\u00f4me via le formulaire que vous trouverez en &hellip; <\/p>\n<p class=\"link-more\"><a href=\"https:\/\/jerome-barreau-sculpteur.com\/\" class=\"more-link\">Continuer la lecture<span class=\"screen-reader-text\"> de &laquo;&nbsp;Mes prestations&nbsp;&raquo;<\/span><\/a><\/p>\n","protected":false},"author":2,"featured_media":0,"parent":0,"menu_order":0,"comment_status":"closed","ping_status":"closed","template":"","meta":{"footnotes":""},"class_list":["post-229","page","type-page","status-publish","hentry"],"yoast_head":"<!-- This site is optimized with the Yoast SEO plugin v27.4 - https:\/\/yoast.com\/product\/yoast-seo-wordpress\/ -->\n<title>Mes prestations \u00e0 Andernos-les-Bains - J\u00e9r\u00f4me Barreau<\/title>\n<meta name=\"description\" content=\"Cliquez ici et prenez contact avec J\u00e9r\u00f4me Barreau pour en savoir plus sur les cours et stage de sculpture et modelage sur le bassin d&#039;arcachon.\" \/>\n<meta name=\"robots\" content=\"index, follow, max-snippet:-1, max-image-preview:large, max-video-preview:-1\" \/>\n<link rel=\"canonical\" href=\"https:\/\/jerome-barreau-sculpteur.com\/\" \/>\n<meta property=\"og:locale\" content=\"fr_FR\" \/>\n<meta property=\"og:type\" content=\"article\" \/>\n<meta property=\"og:title\" content=\"Mes prestations \u00e0 Andernos-les-Bains - J\u00e9r\u00f4me Barreau\" \/>\n<meta property=\"og:description\" content=\"Cliquez ici et prenez contact avec J\u00e9r\u00f4me Barreau pour en savoir plus sur les cours et stage de sculpture et modelage sur le bassin d&#039;arcachon.\" \/>\n<meta property=\"og:url\" content=\"https:\/\/jerome-barreau-sculpteur.com\/\" \/>\n<meta property=\"og:site_name\" content=\"J\u00e9r\u00f4me Barreau\" \/>\n<meta property=\"article:modified_time\" content=\"2025-07-21T13:01:19+00:00\" \/>\n<meta name=\"twitter:card\" content=\"summary_large_image\" \/>\n<meta name=\"twitter:label1\" content=\"Dur\u00e9e de lecture estim\u00e9e\" \/>\n\t<meta name=\"twitter:data1\" content=\"1 minute\" \/>\n<script type=\"application\/ld+json\" class=\"yoast-schema-graph\">{\"@context\":\"https:\\\/\\\/schema.org\",\"@graph\":[{\"@type\":\"WebPage\",\"@id\":\"https:\\\/\\\/jerome-barreau-sculpteur.com\\\/\",\"url\":\"https:\\\/\\\/jerome-barreau-sculpteur.com\\\/\",\"name\":\"Mes prestations \u00e0 Andernos-les-Bains - J\u00e9r\u00f4me Barreau\",\"isPartOf\":{\"@id\":\"https:\\\/\\\/jerome-barreau-sculpteur.com\\\/#website\"},\"datePublished\":\"2020-03-25T17:42:52+00:00\",\"dateModified\":\"2025-07-21T13:01:19+00:00\",\"description\":\"Cliquez ici et prenez contact avec J\u00e9r\u00f4me Barreau pour en savoir plus sur les cours et stage de sculpture et modelage sur le bassin d'arcachon.\",\"breadcrumb\":{\"@id\":\"https:\\\/\\\/jerome-barreau-sculpteur.com\\\/#breadcrumb\"},\"inLanguage\":\"fr-FR\",\"potentialAction\":[{\"@type\":\"ReadAction\",\"target\":[\"https:\\\/\\\/jerome-barreau-sculpteur.com\\\/\"]}]},{\"@type\":\"BreadcrumbList\",\"@id\":\"https:\\\/\\\/jerome-barreau-sculpteur.com\\\/#breadcrumb\",\"itemListElement\":[{\"@type\":\"ListItem\",\"position\":1,\"name\":\"Accueil\",\"item\":\"https:\\\/\\\/jerome-barreau-sculpteur.com\\\/\"},{\"@type\":\"ListItem\",\"position\":2,\"name\":\"Mes prestations\"}]},{\"@type\":\"WebSite\",\"@id\":\"https:\\\/\\\/jerome-barreau-sculpteur.com\\\/#website\",\"url\":\"https:\\\/\\\/jerome-barreau-sculpteur.com\\\/\",\"name\":\"J\u00e9r\u00f4me Barreau\",\"description\":\"Artiste Sculpteur Peintre\",\"publisher\":{\"@id\":\"https:\\\/\\\/jerome-barreau-sculpteur.com\\\/#\\\/schema\\\/person\\\/a419fb6a8497aa7b52150dadb6a00532\"},\"potentialAction\":[{\"@type\":\"SearchAction\",\"target\":{\"@type\":\"EntryPoint\",\"urlTemplate\":\"https:\\\/\\\/jerome-barreau-sculpteur.com\\\/?s={search_term_string}\"},\"query-input\":{\"@type\":\"PropertyValueSpecification\",\"valueRequired\":true,\"valueName\":\"search_term_string\"}}],\"inLanguage\":\"fr-FR\"},{\"@type\":[\"Person\",\"Organization\"],\"@id\":\"https:\\\/\\\/jerome-barreau-sculpteur.com\\\/#\\\/schema\\\/person\\\/a419fb6a8497aa7b52150dadb6a00532\",\"name\":\"jeromebarreau\",\"image\":{\"@type\":\"ImageObject\",\"inLanguage\":\"fr-FR\",\"@id\":\"https:\\\/\\\/secure.gravatar.com\\\/avatar\\\/8d421770de929efff14be286bf2a9a5616cc49ba39bd1501da726a137cfeff9f?s=96&d=mm&r=g\",\"url\":\"https:\\\/\\\/secure.gravatar.com\\\/avatar\\\/8d421770de929efff14be286bf2a9a5616cc49ba39bd1501da726a137cfeff9f?s=96&d=mm&r=g\",\"contentUrl\":\"https:\\\/\\\/secure.gravatar.com\\\/avatar\\\/8d421770de929efff14be286bf2a9a5616cc49ba39bd1501da726a137cfeff9f?s=96&d=mm&r=g\",\"caption\":\"jeromebarreau\"},\"logo\":{\"@id\":\"https:\\\/\\\/secure.gravatar.com\\\/avatar\\\/8d421770de929efff14be286bf2a9a5616cc49ba39bd1501da726a137cfeff9f?s=96&d=mm&r=g\"}}]}<\/script>\n<!-- \/ Yoast SEO plugin. -->","yoast_head_json":{"title":"Mes prestations \u00e0 Andernos-les-Bains - J\u00e9r\u00f4me Barreau","description":"Cliquez ici et prenez contact avec J\u00e9r\u00f4me Barreau pour en savoir plus sur les cours et stage de sculpture et modelage sur le bassin d'arcachon.","robots":{"index":"index","follow":"follow","max-snippet":"max-snippet:-1","max-image-preview":"max-image-preview:large","max-video-preview":"max-video-preview:-1"},"canonical":"https:\/\/jerome-barreau-sculpteur.com\/","og_locale":"fr_FR","og_type":"article","og_title":"Mes prestations \u00e0 Andernos-les-Bains - J\u00e9r\u00f4me Barreau","og_description":"Cliquez ici et prenez contact avec J\u00e9r\u00f4me Barreau pour en savoir plus sur les cours et stage de sculpture et modelage sur le bassin d'arcachon.","og_url":"https:\/\/jerome-barreau-sculpteur.com\/","og_site_name":"J\u00e9r\u00f4me Barreau","article_modified_time":"2025-07-21T13:01:19+00:00","twitter_card":"summary_large_image","twitter_misc":{"Dur\u00e9e de lecture estim\u00e9e":"1 minute"},"schema":{"@context":"https:\/\/schema.org","@graph":[{"@type":"WebPage","@id":"https:\/\/jerome-barreau-sculpteur.com\/","url":"https:\/\/jerome-barreau-sculpteur.com\/","name":"Mes prestations \u00e0 Andernos-les-Bains - J\u00e9r\u00f4me Barreau","isPartOf":{"@id":"https:\/\/jerome-barreau-sculpteur.com\/#website"},"datePublished":"2020-03-25T17:42:52+00:00","dateModified":"2025-07-21T13:01:19+00:00","description":"Cliquez ici et prenez contact avec J\u00e9r\u00f4me Barreau pour en savoir plus sur les cours et stage de sculpture et modelage sur le bassin d'arcachon.","breadcrumb":{"@id":"https:\/\/jerome-barreau-sculpteur.com\/#breadcrumb"},"inLanguage":"fr-FR","potentialAction":[{"@type":"ReadAction","target":["https:\/\/jerome-barreau-sculpteur.com\/"]}]},{"@type":"BreadcrumbList","@id":"https:\/\/jerome-barreau-sculpteur.com\/#breadcrumb","itemListElement":[{"@type":"ListItem","position":1,"name":"Accueil","item":"https:\/\/jerome-barreau-sculpteur.com\/"},{"@type":"ListItem","position":2,"name":"Mes prestations"}]},{"@type":"WebSite","@id":"https:\/\/jerome-barreau-sculpteur.com\/#website","url":"https:\/\/jerome-barreau-sculpteur.com\/","name":"J\u00e9r\u00f4me Barreau","description":"Artiste Sculpteur Peintre","publisher":{"@id":"https:\/\/jerome-barreau-sculpteur.com\/#\/schema\/person\/a419fb6a8497aa7b52150dadb6a00532"},"potentialAction":[{"@type":"SearchAction","target":{"@type":"EntryPoint","urlTemplate":"https:\/\/jerome-barreau-sculpteur.com\/?s={search_term_string}"},"query-input":{"@type":"PropertyValueSpecification","valueRequired":true,"valueName":"search_term_string"}}],"inLanguage":"fr-FR"},{"@type":["Person","Organization"],"@id":"https:\/\/jerome-barreau-sculpteur.com\/#\/schema\/person\/a419fb6a8497aa7b52150dadb6a00532","name":"jeromebarreau","image":{"@type":"ImageObject","inLanguage":"fr-FR","@id":"https:\/\/secure.gravatar.com\/avatar\/8d421770de929efff14be286bf2a9a5616cc49ba39bd1501da726a137cfeff9f?s=96&d=mm&r=g","url":"https:\/\/secure.gravatar.com\/avatar\/8d421770de929efff14be286bf2a9a5616cc49ba39bd1501da726a137cfeff9f?s=96&d=mm&r=g","contentUrl":"https:\/\/secure.gravatar.com\/avatar\/8d421770de929efff14be286bf2a9a5616cc49ba39bd1501da726a137cfeff9f?s=96&d=mm&r=g","caption":"jeromebarreau"},"logo":{"@id":"https:\/\/secure.gravatar.com\/avatar\/8d421770de929efff14be286bf2a9a5616cc49ba39bd1501da726a137cfeff9f?s=96&d=mm&r=g"}}]}},"_links":{"self":[{"href":"https:\/\/jerome-barreau-sculpteur.com\/index.php\/wp-json\/wp\/v2\/pages\/229","targetHints":{"allow":["GET"]}}],"collection":[{"href":"https:\/\/jerome-barreau-sculpteur.com\/index.php\/wp-json\/wp\/v2\/pages"}],"about":[{"href":"https:\/\/jerome-barreau-sculpteur.com\/index.php\/wp-json\/wp\/v2\/types\/page"}],"author":[{"embeddable":true,"href":"https:\/\/jerome-barreau-sculpteur.com\/index.php\/wp-json\/wp\/v2\/users\/2"}],"replies":[{"embeddable":true,"href":"https:\/\/jerome-barreau-sculpteur.com\/index.php\/wp-json\/wp\/v2\/comments?post=229"}],"version-history":[{"count":7,"href":"https:\/\/jerome-barreau-sculpteur.com\/index.php\/wp-json\/wp\/v2\/pages\/229\/revisions"}],"predecessor-version":[{"id":515,"href":"https:\/\/jerome-barreau-sculpteur.com\/index.php\/wp-json\/wp\/v2\/pages\/229\/revisions\/515"}],"wp:attachment":[{"href":"https:\/\/jerome-barreau-sculpteur.com\/index.php\/wp-json\/wp\/v2\/media?parent=229"}],"curies":[{"name":"wp","href":"https:\/\/api.w.org\/{rel}","templated":true}]}}