{"id":19,"date":"2020-03-19T17:31:18","date_gmt":"2020-03-19T16:31:18","guid":{"rendered":"https:\/\/jerome-barreau-sculpteur.com\/?page_id=19"},"modified":"2020-03-28T12:40:39","modified_gmt":"2020-03-28T11:40:39","slug":"a-propos-jerome-barreau-artiste-sculpteur","status":"publish","type":"page","link":"https:\/\/jerome-barreau-sculpteur.com\/index.php\/a-propos-jerome-barreau-artiste-sculpteur\/","title":{"rendered":"A propos"},"content":{"rendered":"\n<figure class=\"wp-block-image size-large\"><a href=\"https:\/\/jerome-barreau-sculpteur.com\/\"><img decoding=\"async\" width=\"2363\" height=\"1775\" data-src=\"https:\/\/i0.wp.com\/jerome-barreau-sculpteur.com\/wp-content\/uploads\/2020\/03\/DQH8123.jpg?fit=525%2C394&amp;ssl=1\" alt=\"J\u00e9r\u00f4me Barreau dans l'atelier \" class=\"wp-image-323 lazyload\" data-srcset=\"https:\/\/jerome-barreau-sculpteur.com\/wp-content\/uploads\/2020\/03\/DQH8123.jpg 2363w, https:\/\/jerome-barreau-sculpteur.com\/wp-content\/uploads\/2020\/03\/DQH8123-300x225.jpg 300w, https:\/\/jerome-barreau-sculpteur.com\/wp-content\/uploads\/2020\/03\/DQH8123-1024x769.jpg 1024w, https:\/\/jerome-barreau-sculpteur.com\/wp-content\/uploads\/2020\/03\/DQH8123-768x577.jpg 768w, https:\/\/jerome-barreau-sculpteur.com\/wp-content\/uploads\/2020\/03\/DQH8123-1536x1154.jpg 1536w, https:\/\/jerome-barreau-sculpteur.com\/wp-content\/uploads\/2020\/03\/DQH8123-2048x1538.jpg 2048w\" data-sizes=\"(max-width: 767px) 89vw, (max-width: 1000px) 54vw, (max-width: 1071px) 543px, 580px\" src=\"data:image\/svg+xml;base64,PHN2ZyB3aWR0aD0iMSIgaGVpZ2h0PSIxIiB4bWxucz0iaHR0cDovL3d3dy53My5vcmcvMjAwMC9zdmciPjwvc3ZnPg==\" style=\"--smush-placeholder-width: 2363px; --smush-placeholder-aspect-ratio: 2363\/1775;\" \/><\/a><figcaption>J\u00e9r\u00f4me Barreau dans l&rsquo;atelier <\/figcaption><\/figure>\n\n\n\n<p>Dipl\u00f4m\u00e9 des m\u00e9tiers d&rsquo;art en sculpture sur bois de l\u2019\u00e9cole Boulle \u00e0 Paris. Apr\u00e8s dix ann\u00e9es d\u2019exp\u00e9riences en tant que maquettiste dans des ateliers parisiens pour des soci\u00e9t\u00e9s du design, du cosm\u00e9tique et de la publicit\u00e9, je me suis install\u00e9 dans le sud ouest de la France <\/p>\n\n\n\n<p>C&rsquo;est en 2000 que je commence \u00e0 r\u00e9aliser mes sculptures en puisant dans mes diff\u00e9rentes exp\u00e9riences depuis ma formation initiale.<\/p>\n\n\n\n<p>Je cr\u00e9e des sculptures en bois, en pierre, en terre cuite\u2026parfois en les m\u00ealant ensemble.<\/p>\n\n\n\n<p>Je recherche \u00e0 transmettre des \u00e9motions \u00e0 travers mes sculptures, j&rsquo;aime faire ressortir de ce bloc sans forme son secret dissimul\u00e9. Chacun est ensuite libre de se l&rsquo;approprier \u00e0 sa mani\u00e8re et donner \u00e0 l&rsquo;\u0153uvre le sens qu&rsquo;il voudra.  <\/p>\n\n\n\n<p>Chaque sculpture est un nouveau d\u00e9fi technique ou artistique\u2026<\/p>\n\n\n\n<p>Je suis curieux et patient\u2026<\/p>\n\n\n\n<p>Je travaille beaucoup sur la finition et les patines de mes pi\u00e8ces en faisant de nombreuses recherches.<\/p>\n\n\n\n<p>Le style de mes sculptures est souvent figuratif en essayant de mettre en valeur la qualit\u00e9 du mat\u00e9riau employ\u00e9 ou m\u00eame ses imperfections.<\/p>\n\n\n\n<p>Quelques-unes d&rsquo;entre elles sont plus \u00e9pur\u00e9es cherchant la ligne essentielle et \u00e9vitant le superflu.<\/p>\n\n\n\n<p>Au rythme de mes inspirations, de mes envies et des mes besoins, il m&rsquo;arrive \u00e9galement de peindre.<\/p>\n\n\n\n<p>Mon travail en peinture est aussi tout en mati\u00e8re\u2026<\/p>\n\n\n\n<p>Elle est \u00e0 base d&rsquo;acrylique pratiquant une mixit\u00e9 de technique de mani\u00e8re vive et spontan\u00e9e. &nbsp;<\/p>\n\n\n\n<p class=\"has-background has-very-light-gray-background-color\"><\/p>\n","protected":false},"excerpt":{"rendered":"<p>Dipl\u00f4m\u00e9 des m\u00e9tiers d&rsquo;art en sculpture sur bois de l\u2019\u00e9cole Boulle \u00e0 Paris. Apr\u00e8s dix ann\u00e9es d\u2019exp\u00e9riences en tant que maquettiste dans des ateliers parisiens pour des soci\u00e9t\u00e9s du design, du cosm\u00e9tique et de la publicit\u00e9, je me suis install\u00e9 dans le sud ouest de la France C&rsquo;est en 2000 que je commence \u00e0 r\u00e9aliser &hellip; <\/p>\n<p class=\"link-more\"><a href=\"https:\/\/jerome-barreau-sculpteur.com\/index.php\/a-propos-jerome-barreau-artiste-sculpteur\/\" class=\"more-link\">Continuer la lecture<span class=\"screen-reader-text\"> de &laquo;&nbsp;A propos&nbsp;&raquo;<\/span><\/a><\/p>\n","protected":false},"author":1,"featured_media":0,"parent":0,"menu_order":0,"comment_status":"closed","ping_status":"closed","template":"","meta":{"footnotes":""},"class_list":["post-19","page","type-page","status-publish","hentry"],"yoast_head":"<!-- This site is optimized with the Yoast SEO plugin v27.4 - https:\/\/yoast.com\/product\/yoast-seo-wordpress\/ -->\n<title>A propos - J\u00e9r\u00f4me Barreau - Artiste Sculpteur Peintre<\/title>\n<meta name=\"description\" content=\"J\u00e9r\u00f4me Barreau, artiste sculpteur peintre \u00e0 Andernos les Bains. Je ne cherche pas \u00e0 choquer mais plut\u00f4t \u00e0 \u00e9mouvoir. Chaque oeuvre est un nouveau d\u00e9fi ...\" \/>\n<meta name=\"robots\" content=\"index, follow, max-snippet:-1, max-image-preview:large, max-video-preview:-1\" \/>\n<link rel=\"canonical\" href=\"https:\/\/jerome-barreau-sculpteur.com\/index.php\/a-propos-jerome-barreau-artiste-sculpteur\/\" \/>\n<meta property=\"og:locale\" content=\"fr_FR\" \/>\n<meta property=\"og:type\" content=\"article\" \/>\n<meta property=\"og:title\" content=\"A propos - J\u00e9r\u00f4me Barreau - Artiste Sculpteur Peintre\" \/>\n<meta property=\"og:description\" content=\"J\u00e9r\u00f4me Barreau, artiste sculpteur peintre \u00e0 Andernos les Bains. Je ne cherche pas \u00e0 choquer mais plut\u00f4t \u00e0 \u00e9mouvoir. Chaque oeuvre est un nouveau d\u00e9fi ...\" \/>\n<meta property=\"og:url\" content=\"https:\/\/jerome-barreau-sculpteur.com\/index.php\/a-propos-jerome-barreau-artiste-sculpteur\/\" \/>\n<meta property=\"og:site_name\" content=\"J\u00e9r\u00f4me Barreau\" \/>\n<meta property=\"article:modified_time\" content=\"2020-03-28T11:40:39+00:00\" \/>\n<meta property=\"og:image\" content=\"https:\/\/i0.wp.com\/jerome-barreau-sculpteur.com\/wp-content\/uploads\/2020\/03\/DQH8123.jpg?fit=525%2C394&amp;ssl=1\" \/>\n<meta name=\"twitter:card\" content=\"summary_large_image\" \/>\n<meta name=\"twitter:label1\" content=\"Dur\u00e9e de lecture estim\u00e9e\" \/>\n\t<meta name=\"twitter:data1\" content=\"1 minute\" \/>\n<script type=\"application\/ld+json\" class=\"yoast-schema-graph\">{\"@context\":\"https:\\\/\\\/schema.org\",\"@graph\":[{\"@type\":\"WebPage\",\"@id\":\"https:\\\/\\\/jerome-barreau-sculpteur.com\\\/index.php\\\/a-propos-jerome-barreau-artiste-sculpteur\\\/\",\"url\":\"https:\\\/\\\/jerome-barreau-sculpteur.com\\\/index.php\\\/a-propos-jerome-barreau-artiste-sculpteur\\\/\",\"name\":\"A propos - J\u00e9r\u00f4me Barreau - Artiste Sculpteur Peintre\",\"isPartOf\":{\"@id\":\"https:\\\/\\\/jerome-barreau-sculpteur.com\\\/#website\"},\"primaryImageOfPage\":{\"@id\":\"https:\\\/\\\/jerome-barreau-sculpteur.com\\\/index.php\\\/a-propos-jerome-barreau-artiste-sculpteur\\\/#primaryimage\"},\"image\":{\"@id\":\"https:\\\/\\\/jerome-barreau-sculpteur.com\\\/index.php\\\/a-propos-jerome-barreau-artiste-sculpteur\\\/#primaryimage\"},\"thumbnailUrl\":\"https:\\\/\\\/i0.wp.com\\\/jerome-barreau-sculpteur.com\\\/wp-content\\\/uploads\\\/2020\\\/03\\\/DQH8123.jpg?fit=525%2C394&amp;ssl=1\",\"datePublished\":\"2020-03-19T16:31:18+00:00\",\"dateModified\":\"2020-03-28T11:40:39+00:00\",\"description\":\"J\u00e9r\u00f4me Barreau, artiste sculpteur peintre \u00e0 Andernos les Bains. Je ne cherche pas \u00e0 choquer mais plut\u00f4t \u00e0 \u00e9mouvoir. Chaque oeuvre est un nouveau d\u00e9fi ...\",\"breadcrumb\":{\"@id\":\"https:\\\/\\\/jerome-barreau-sculpteur.com\\\/index.php\\\/a-propos-jerome-barreau-artiste-sculpteur\\\/#breadcrumb\"},\"inLanguage\":\"fr-FR\",\"potentialAction\":[{\"@type\":\"ReadAction\",\"target\":[\"https:\\\/\\\/jerome-barreau-sculpteur.com\\\/index.php\\\/a-propos-jerome-barreau-artiste-sculpteur\\\/\"]}]},{\"@type\":\"ImageObject\",\"inLanguage\":\"fr-FR\",\"@id\":\"https:\\\/\\\/jerome-barreau-sculpteur.com\\\/index.php\\\/a-propos-jerome-barreau-artiste-sculpteur\\\/#primaryimage\",\"url\":\"https:\\\/\\\/i0.wp.com\\\/jerome-barreau-sculpteur.com\\\/wp-content\\\/uploads\\\/2020\\\/03\\\/DQH8123.jpg?fit=525%2C394&amp;ssl=1\",\"contentUrl\":\"https:\\\/\\\/i0.wp.com\\\/jerome-barreau-sculpteur.com\\\/wp-content\\\/uploads\\\/2020\\\/03\\\/DQH8123.jpg?fit=525%2C394&amp;ssl=1\"},{\"@type\":\"BreadcrumbList\",\"@id\":\"https:\\\/\\\/jerome-barreau-sculpteur.com\\\/index.php\\\/a-propos-jerome-barreau-artiste-sculpteur\\\/#breadcrumb\",\"itemListElement\":[{\"@type\":\"ListItem\",\"position\":1,\"name\":\"Accueil\",\"item\":\"https:\\\/\\\/jerome-barreau-sculpteur.com\\\/\"},{\"@type\":\"ListItem\",\"position\":2,\"name\":\"A propos\"}]},{\"@type\":\"WebSite\",\"@id\":\"https:\\\/\\\/jerome-barreau-sculpteur.com\\\/#website\",\"url\":\"https:\\\/\\\/jerome-barreau-sculpteur.com\\\/\",\"name\":\"J\u00e9r\u00f4me Barreau\",\"description\":\"Artiste Sculpteur Peintre\",\"publisher\":{\"@id\":\"https:\\\/\\\/jerome-barreau-sculpteur.com\\\/#\\\/schema\\\/person\\\/a419fb6a8497aa7b52150dadb6a00532\"},\"potentialAction\":[{\"@type\":\"SearchAction\",\"target\":{\"@type\":\"EntryPoint\",\"urlTemplate\":\"https:\\\/\\\/jerome-barreau-sculpteur.com\\\/?s={search_term_string}\"},\"query-input\":{\"@type\":\"PropertyValueSpecification\",\"valueRequired\":true,\"valueName\":\"search_term_string\"}}],\"inLanguage\":\"fr-FR\"},{\"@type\":[\"Person\",\"Organization\"],\"@id\":\"https:\\\/\\\/jerome-barreau-sculpteur.com\\\/#\\\/schema\\\/person\\\/a419fb6a8497aa7b52150dadb6a00532\",\"name\":\"jeromebarreau\",\"image\":{\"@type\":\"ImageObject\",\"inLanguage\":\"fr-FR\",\"@id\":\"https:\\\/\\\/secure.gravatar.com\\\/avatar\\\/8d421770de929efff14be286bf2a9a5616cc49ba39bd1501da726a137cfeff9f?s=96&d=mm&r=g\",\"url\":\"https:\\\/\\\/secure.gravatar.com\\\/avatar\\\/8d421770de929efff14be286bf2a9a5616cc49ba39bd1501da726a137cfeff9f?s=96&d=mm&r=g\",\"contentUrl\":\"https:\\\/\\\/secure.gravatar.com\\\/avatar\\\/8d421770de929efff14be286bf2a9a5616cc49ba39bd1501da726a137cfeff9f?s=96&d=mm&r=g\",\"caption\":\"jeromebarreau\"},\"logo\":{\"@id\":\"https:\\\/\\\/secure.gravatar.com\\\/avatar\\\/8d421770de929efff14be286bf2a9a5616cc49ba39bd1501da726a137cfeff9f?s=96&d=mm&r=g\"}}]}<\/script>\n<!-- \/ Yoast SEO plugin. -->","yoast_head_json":{"title":"A propos - J\u00e9r\u00f4me Barreau - Artiste Sculpteur Peintre","description":"J\u00e9r\u00f4me Barreau, artiste sculpteur peintre \u00e0 Andernos les Bains. Je ne cherche pas \u00e0 choquer mais plut\u00f4t \u00e0 \u00e9mouvoir. Chaque oeuvre est un nouveau d\u00e9fi ...","robots":{"index":"index","follow":"follow","max-snippet":"max-snippet:-1","max-image-preview":"max-image-preview:large","max-video-preview":"max-video-preview:-1"},"canonical":"https:\/\/jerome-barreau-sculpteur.com\/index.php\/a-propos-jerome-barreau-artiste-sculpteur\/","og_locale":"fr_FR","og_type":"article","og_title":"A propos - J\u00e9r\u00f4me Barreau - Artiste Sculpteur Peintre","og_description":"J\u00e9r\u00f4me Barreau, artiste sculpteur peintre \u00e0 Andernos les Bains. Je ne cherche pas \u00e0 choquer mais plut\u00f4t \u00e0 \u00e9mouvoir. Chaque oeuvre est un nouveau d\u00e9fi ...","og_url":"https:\/\/jerome-barreau-sculpteur.com\/index.php\/a-propos-jerome-barreau-artiste-sculpteur\/","og_site_name":"J\u00e9r\u00f4me Barreau","article_modified_time":"2020-03-28T11:40:39+00:00","og_image":[{"url":"https:\/\/i0.wp.com\/jerome-barreau-sculpteur.com\/wp-content\/uploads\/2020\/03\/DQH8123.jpg?fit=525%2C394&amp;ssl=1","type":"","width":"","height":""}],"twitter_card":"summary_large_image","twitter_misc":{"Dur\u00e9e de lecture estim\u00e9e":"1 minute"},"schema":{"@context":"https:\/\/schema.org","@graph":[{"@type":"WebPage","@id":"https:\/\/jerome-barreau-sculpteur.com\/index.php\/a-propos-jerome-barreau-artiste-sculpteur\/","url":"https:\/\/jerome-barreau-sculpteur.com\/index.php\/a-propos-jerome-barreau-artiste-sculpteur\/","name":"A propos - J\u00e9r\u00f4me Barreau - Artiste Sculpteur Peintre","isPartOf":{"@id":"https:\/\/jerome-barreau-sculpteur.com\/#website"},"primaryImageOfPage":{"@id":"https:\/\/jerome-barreau-sculpteur.com\/index.php\/a-propos-jerome-barreau-artiste-sculpteur\/#primaryimage"},"image":{"@id":"https:\/\/jerome-barreau-sculpteur.com\/index.php\/a-propos-jerome-barreau-artiste-sculpteur\/#primaryimage"},"thumbnailUrl":"https:\/\/i0.wp.com\/jerome-barreau-sculpteur.com\/wp-content\/uploads\/2020\/03\/DQH8123.jpg?fit=525%2C394&amp;ssl=1","datePublished":"2020-03-19T16:31:18+00:00","dateModified":"2020-03-28T11:40:39+00:00","description":"J\u00e9r\u00f4me Barreau, artiste sculpteur peintre \u00e0 Andernos les Bains. Je ne cherche pas \u00e0 choquer mais plut\u00f4t \u00e0 \u00e9mouvoir. Chaque oeuvre est un nouveau d\u00e9fi ...","breadcrumb":{"@id":"https:\/\/jerome-barreau-sculpteur.com\/index.php\/a-propos-jerome-barreau-artiste-sculpteur\/#breadcrumb"},"inLanguage":"fr-FR","potentialAction":[{"@type":"ReadAction","target":["https:\/\/jerome-barreau-sculpteur.com\/index.php\/a-propos-jerome-barreau-artiste-sculpteur\/"]}]},{"@type":"ImageObject","inLanguage":"fr-FR","@id":"https:\/\/jerome-barreau-sculpteur.com\/index.php\/a-propos-jerome-barreau-artiste-sculpteur\/#primaryimage","url":"https:\/\/i0.wp.com\/jerome-barreau-sculpteur.com\/wp-content\/uploads\/2020\/03\/DQH8123.jpg?fit=525%2C394&amp;ssl=1","contentUrl":"https:\/\/i0.wp.com\/jerome-barreau-sculpteur.com\/wp-content\/uploads\/2020\/03\/DQH8123.jpg?fit=525%2C394&amp;ssl=1"},{"@type":"BreadcrumbList","@id":"https:\/\/jerome-barreau-sculpteur.com\/index.php\/a-propos-jerome-barreau-artiste-sculpteur\/#breadcrumb","itemListElement":[{"@type":"ListItem","position":1,"name":"Accueil","item":"https:\/\/jerome-barreau-sculpteur.com\/"},{"@type":"ListItem","position":2,"name":"A propos"}]},{"@type":"WebSite","@id":"https:\/\/jerome-barreau-sculpteur.com\/#website","url":"https:\/\/jerome-barreau-sculpteur.com\/","name":"J\u00e9r\u00f4me Barreau","description":"Artiste Sculpteur Peintre","publisher":{"@id":"https:\/\/jerome-barreau-sculpteur.com\/#\/schema\/person\/a419fb6a8497aa7b52150dadb6a00532"},"potentialAction":[{"@type":"SearchAction","target":{"@type":"EntryPoint","urlTemplate":"https:\/\/jerome-barreau-sculpteur.com\/?s={search_term_string}"},"query-input":{"@type":"PropertyValueSpecification","valueRequired":true,"valueName":"search_term_string"}}],"inLanguage":"fr-FR"},{"@type":["Person","Organization"],"@id":"https:\/\/jerome-barreau-sculpteur.com\/#\/schema\/person\/a419fb6a8497aa7b52150dadb6a00532","name":"jeromebarreau","image":{"@type":"ImageObject","inLanguage":"fr-FR","@id":"https:\/\/secure.gravatar.com\/avatar\/8d421770de929efff14be286bf2a9a5616cc49ba39bd1501da726a137cfeff9f?s=96&d=mm&r=g","url":"https:\/\/secure.gravatar.com\/avatar\/8d421770de929efff14be286bf2a9a5616cc49ba39bd1501da726a137cfeff9f?s=96&d=mm&r=g","contentUrl":"https:\/\/secure.gravatar.com\/avatar\/8d421770de929efff14be286bf2a9a5616cc49ba39bd1501da726a137cfeff9f?s=96&d=mm&r=g","caption":"jeromebarreau"},"logo":{"@id":"https:\/\/secure.gravatar.com\/avatar\/8d421770de929efff14be286bf2a9a5616cc49ba39bd1501da726a137cfeff9f?s=96&d=mm&r=g"}}]}},"_links":{"self":[{"href":"https:\/\/jerome-barreau-sculpteur.com\/index.php\/wp-json\/wp\/v2\/pages\/19","targetHints":{"allow":["GET"]}}],"collection":[{"href":"https:\/\/jerome-barreau-sculpteur.com\/index.php\/wp-json\/wp\/v2\/pages"}],"about":[{"href":"https:\/\/jerome-barreau-sculpteur.com\/index.php\/wp-json\/wp\/v2\/types\/page"}],"author":[{"embeddable":true,"href":"https:\/\/jerome-barreau-sculpteur.com\/index.php\/wp-json\/wp\/v2\/users\/1"}],"replies":[{"embeddable":true,"href":"https:\/\/jerome-barreau-sculpteur.com\/index.php\/wp-json\/wp\/v2\/comments?post=19"}],"version-history":[{"count":8,"href":"https:\/\/jerome-barreau-sculpteur.com\/index.php\/wp-json\/wp\/v2\/pages\/19\/revisions"}],"predecessor-version":[{"id":324,"href":"https:\/\/jerome-barreau-sculpteur.com\/index.php\/wp-json\/wp\/v2\/pages\/19\/revisions\/324"}],"wp:attachment":[{"href":"https:\/\/jerome-barreau-sculpteur.com\/index.php\/wp-json\/wp\/v2\/media?parent=19"}],"curies":[{"name":"wp","href":"https:\/\/api.w.org\/{rel}","templated":true}]}}